 + 16 + 14 = -5*r. Calculate y(c).
1
Let y be ((-1)/1)/1*(-42)/6. Let q(f) = -f + 14. Calculate q(y).
7
Let l(b) = -35*b**3 - 14*b**2 + 11*b - 19. Let t(g) = -12*g**3 - 5*g**2 + 4*g - 7. Let p(v) = -4*l(v) + 11*t(v). What is p(-1)?
-8
Let j = 21 - 18. Let a(r) be the first derivative of r**6/360 - r**5/60 + 2*r**3/3 - 2. Let y(z) be the third derivative of a(z). Calculate y(j).
3
Let g(b) be the third derivative of b**4/8 + 2*b**3 - b**2 - 27. Determine g(-6).
-6
Let p(s) = 1 + 3*s**3 - 10*s + 11*s + s**2 - 1. Let i be p(-1). Let m(c) = -c**2 - 4*c + 1. Give m(i).
4
Let l(z) = -8*z**2 - z + 2. Let i(m) = -23*m**2 - 3*m + 6. Let v(h) = 6*i(h) - 17*l(h). Suppose -2*d + 4 = -0*d. Determine v(d).
-8
Let x(c) = -c**3 - 8*c**2 + c + 3. Let o be x(-8). Let b(k) = -k**3 - 5*k**2 + k + 5. Let w be b(o). Let l(a) = a**3 + a**2 + a - 1. Calculate l(w).
-1
Let l(v) = -1 + 5 - 3*v**2 - 2 - 2*v**3 + v**3. Determine l(-3).
2
Let s(n) = n**3 - 5*n**2 + 4*n + 4. Suppose -5*u - 4*x = -16, 2*x - 10 = -3*u - 0*u. Give s(u).
4
Suppose 17*s = 27*s - 20. Let p(y) be the second derivative of 1/6*y**3 + 0 + y**s - 1/12*y**4 - 3*y. Give p(-3).
-10
Suppose -3 = -n + 2. Suppose -n*j - 3*k - 8 = -j, -j - 4*k - 15 = 0. Let a(p) = -8*p**3 + 1. Determine a(j).
-7
Let h(s) be the first derivative of -s**2/2 + s + 8. What is h(-3)?
4
Let z(i) = 14*i**2 + 9*i. Let u(h) = 5*h**2 + 3*h. Let l(f) = 17*u(f) - 6*z(f). What is l(3)?
0
Suppose 0 = 6*q - 3*q - 6. Let t = -1 + 4. Suppose q = k - t*k. Let v(c) = -c**2. What is v(k)?
-1
Let t(j) = 0 + 0 + 2 + 2*j. Let d(a) = -a + 10. Let z be d(7). Calculate t(z).
8
Let v(u) = -u - 4. Let x = -4 - -14. Let f = -15 + x. Determine v(f).
1
Let d(j) = 2*j**2 + 2*j - 4. Let g be ((-7)/(-4) + -1)*4. Suppose -3*p - 9 = 3*b, -4*p + 5 = -3*b - g*p. Let m be 5/(-2) - (-1)/b. Give d(m).
8
Let j = 1 + -2. Let r(s) = -2*s - 1. Determine r(j).
1
Suppose 5 = -2*i + 7. Let f be 0/(i + (-1 - 3)). Let d(y) = y. Give d(f).
0
Let y(d) = d**3 - 7*d**2 - 9*d + 7. Let i be y(8). Let c(k) = 7*k**3 - 1. What is c(i)?
-8
Let q(j) be the first derivative of 7*j**2/2 + 23. What is q(1)?
7
Let f(c) = c**2 + 0*c - 3*c + 1 + 0. Suppose q + o + 3 = 0, 2*o + 5 = -5*q - o. Determine f(q).
-1
Let l(i) = 2*i**2 - 4*i + 5. Let k(q) = 2*q**2 - 4*q + 5. Let u(r) = 5*k(r) - 4*l(r). What is u(4)?
21
Let b(f) = f**3 - 5*f**2 - 5*f - 7. Let y = 97 + -91. Give b(y).
-1
Let b(u) = -u - 1. Let h(n) = -3*n - 15. Let g(v) = -4*b(v) + h(v). Determine g(6).
-5
Let s(p) be the first derivative of p**4/4 - 3*p**3 - p**2/2 + 8*p + 2. What is s(9)?
-1
Let q = -107 + 158. Let i be q/(-9) + (-2)/6. Let c = -8 - i. Let x(z) = -3*z - 1. Calculate x(c).
5
Let k(r) = -2*r - 3 + 2*r + 3*r - 2*r. Determine k(0).
-3
Let h = 11 + -17. Let w(v) = 6*v**2 + v**3 + 184 - 96 - 88. What is w(h)?
0
Let m = 44 - 36. Let y(z) = -z**2 + 8*z + 10. What is y(m)?
10
Let g be (-72)/20 - 6/15. Let h = -1 - g. Let v(p) = p**3 - 2*p**2 - 4*p + 1. Calculate v(h).
-2
Let z(h) = 2*h - 5 + 2 - 2*h**2 + 0*h - 3*h**2. Let q(c) = c**2 + 1. Let a(f) = 6*q(f) + z(f). Let v = -2 - 0. Determine a(v).
3
Let l(p) = 4*p**2 - 4*p - 4. Let j(g) = g**2. Let v(z) = -3*j(z) + l(z). Give v(4).
-4
Let w = -143 - -145. Suppose -4*o + 7 = 4*g + 23, -g = -2*o + 4. Let b(a) = o*a**2 + a + 0*a - a**2 + 1. Determine b(w).
-1
Let a(h) = -h**3 + 2*h**2 - 3*h + 2. Suppose -s = -5*s. Let i = 2 + s. What is a(i)?
-4
Let h(b) = -b + 2. Suppose q = -t - 8, -t - 2 = t. Determine h(q).
9
Suppose -3*n = -5*f + 6*f - 5, -4*f - 4*n + 4 = 0. Let k(i) be the third derivative of i**5/10 - i**4/12 - i**3/6 - i**2. What is k(f)?
7
Let v(h) be the third derivative of -h**6/120 - 7*h**5/60 - h**4/24 - h**3/2 + 4*h**2. Give v(-7).
4
Let g(k) = k**2 + 4*k. Let r be g(-5). Suppose 0 = q - 0*q + r. Let z be 1/q - 72/15. Let b(c) = c**2 + 5*c - 4. Determine b(z).
-4
Let r(t) = 7*t - 5. Let w(p) = 4*p - 3. Let u(j) = 6*r(j) - 10*w(j). Determine u(1).
2
Let k(f) = 2*f - 1. Let n(b) = 5*b + 5. Let j(o) = -11*o - 10. Let q(m) = -4*j(m) - 9*n(m). Let c be q(-7). Determine k(c).
3
Let z(t) be the second derivative of 0*t**2 + 1/6*t**3 - 2*t + 1/4*t**4 + 0 + 1/120*t**5. Let c(l) be the second derivative of z(l). What is c(-5)?
1
Let i(z) be the second derivative of 1/6*z**3 - 1/20*z**5 + 0 + 1/6*z**4 - 1/2*z**2 - 8*z. Determine i(2).
1
Let y(p) = 6*p + 1. Let i(b) = -5*b - 1. Let z(s) = 3*i(s) + 2*y(s). Determine z(1).
-4
Let a(q) = -q**2 + 3*q + 1. Suppose -2*x = -5*x + 18. Let j(k) = -k**2 + 22*k + 49. Let b be j(24). Let o be 10*(b + x/(-10)). Give a(o).
-3
Let z(a) = 4*a - 1 + 7*a - 9*a. Let d(i) be the third derivative of i**4/24 + 4*i**3/3 - i**2. Let p be d(-6). Give z(p).
3
Let b(c) = 6*c + 17. Let m(q) = 3*q + 8. Let i(a) = 3*b(a) - 7*m(a). Determine i(-4).
7
Suppose 5*w = 17 - 2. Let g(r) = -5*r**2 + 2*r**2 - r + r**3 + 4 - 7. Give g(w).
-6
Let l(s) = -s + 6. Let f be l(0). Let w(i) = -i + f*i - 2*i. Determine w(1).
3
Let n(x) = 5*x**2 - 5*x. Let j(i) = -i**3 + i**2 - i - 2. Let o be j(0). Let s(t) = t**2 - t. Let y(p) = o*n(p) + 9*s(p). Give y(0).
0
Let c(h) be the second derivative of -h**4/12 - 7*h**3/6 - 3*h**2/2 - h. Let u = 5 - 10. Calculate c(u).
7
Let k(s) = -27*s - 5. Let v(n) = 176*n + 33. Let i(a) = -33*k(a) - 5*v(a). What is i(-1)?
-11
Suppose -5*u = 3*y - 5, 3*u + 2 = -2*y + 5. Let p(k) = 0 + 1 - 4 + u - k. Give p(6).
-8
Let m(r) = 10*r**2 - 2*r + 5. Let f(o) = -31*o**2 + 5*o - 14. Let q(p) = -4*f(p) - 11*m(p). Calculate q(-1).
13
Suppose 5*a - 13 = 2. Let c(j) = -4 + 2*j + a*j + 2 - 4*j. What is c(5)?
3
Let k(v) = v**3 - 4*v**2 - 4*v + 2. Let t = -32 - -36. Give k(t).
-14
Let l(c) = -3*c - 3. Suppose 5*o = 3*s - 14, -s + 5*s + 8 = 0. Give l(o).
9
Suppose 4*p - 35 + 3 = 0. Let k = p - 4. Let n(f) = -2*f + 6. Determine n(k).
-2
Let s = 1 - -1. Let g(x) = -x - 1. Let c(v) = -4. Let b(y) = c(y) - 4*g(y). Let k(u) = -13*u - 1. Let r(n) = 7*b(n) + 2*k(n). Give r(s).
2
Let o = 8 - 4. Suppose 2*i + 4 = o*i. Let u(m) = m - 1. What is u(i)?
1
Let v(u) = 2*u. Let p = -11 + 9. Calculate v(p).
-4
Suppose 0*g + 2*g - 2 = 0, -t = -g - 1. Let i be 1 - ((0 - 2) + t). Let k(v) = -2*v**2 + v. Determine k(i).
-1
Let w be (4/2)/(6/9). Let b(j) = 2*j**3 + 0*j**3 - 9*j**2 - 1 - j**2 - 9 + 11*j. Let p(a) = a**3 - 5*a**2 + 5*a - 5. Let y(r) = w*b(r) - 7*p(r). Calculate y(5).
-5
Suppose 4*n - 3*n = 5. Suppose -n*f + 2*l - 21 = 0, 7*f - 3*l = 3*f - 14. Let i(r) = r**2 + 5*r + 5. Determine i(f).
5
Suppose 9*r - 12 = 5*r. Let c(d) = d**3 - 2*d**2 - d + 2. Give c(r).
8
Let w = -335 + 333. Let n(k) be the third derivative of k**5/30 - k**4/24 + k**3/3 + k**2. Give n(w).
12
Suppose 13*z = 34 + 18. Let s(h) = -6*h + 6. Give s(z).
-18
Let f(j) be the second derivative of -7*j**5/60 + j**3/6 - j**2 + j. Let h(i) be the first derivative of f(i). Calculate h(1).
-6
Let d be (-3 - -3) + 1*2. Suppose -h - 12 = d*j, -10 = 5*h + j + 5. Let a(f) = -f**3 - 3*f**2 + 1. Give a(h).
-3
Let h = 10 + -14. Let c(m) be the first derivative of -m**4/12 + m**3/3 - 5*m**2 + 2. Let s(g) be the second derivative of c(g). Determine s(h).
10
Let c = 82 + -87. Let l(b) = -b + 7. Calculate l(c).
12
Suppose -2*l - 4 = -4*l. Let t(a) be the second derivative of -3/10*a**5 + 0*a**3 + 1/12*a**4 + l*a + 0*a**2 + 0. Calculate t(1).
-5
Suppose -9 = 2*j - 5*s + 1, -25 = -j - 5*s. Let h(n) = -n + 10. Calculate h(j).
5
Suppose 3 - 12 = -3*z. Let m(h) = -3*h**3 + 2*h**3 - 3 - 4*h**2 - 6*h + 0*h**z + h. Calculate m(-3).
3
Let j(f) = 2*f - 8. Let l(z) = z**2 + 6*z + 11. Let t be l(-5). Determine j(t).
4
Let s(w) = -w**3 - 5*w**2 + 8*w + 12. Let q be s(-6). Let m(c) = -c**2. Give m(q).
0
Suppose -2*t + 5*t - 21 = 0. Suppose -m = -2*m - d + 3, -3*m + t = 4*d. Let c(r) = r. Determine c(m).
5
Suppose -3*v + 1 + 26 = 0. Let s(g) = -g**2 + 8*g + 10. Determine s(v).
1
Let d be 10/3*(-24)/(-20). Let s = -7 + d. Let c(u) = u**3 + 4*u**2 + 3*u + 3. Calculate c(s).
3
Let a(m) be the third derivative of -7/24*m**4 + 5*m**2 + 0 - 1/2*m**3 - 1/60*m**5 + 0*m. Determine a(-7).
-3
Let o(f) be the third derivative of -1/3*f**3 + 0*f - 6*f**2 + 0 + 1/12*f**4. Calculate o(5).
8
Let j(p) = -p**2 - 3*p + 1. Let s = -63 - -60. Calculate j(s).
1
Let u(k) = k**3 + 4*k**2 - k - 2. Let p = -55 + 51. Determine u(p).
2
Let t = 13 - 18. Let c = 2 